t l(a) = 2 + 19*a - a - 9*a - 10*a. What is the units digit of l(t)?
4
Let d be 6/9 + 17/(-3). Let a(q) = 2*q + 12. Let f be a(d). Suppose l = -1 + 2, -4*c + 146 = -f*l. What is the tens digit of c?
3
Let k = 3260 - 1666. What is the tens digit of k?
9
Suppose 1325 = 2*b + 3*f, 0*f = 3*b - 3*f - 2010. What is the tens digit of b?
6
Let q(r) = -99*r**3 - 6*r**2 - 11*r - 22. What is the units digit of q(-3)?
0
Let h(c) be the third derivative of 0*c**4 + c**2 + 0*c + 0 - 1/2*c**3 + 1/20*c**5. What is the tens digit of h(-3)?
2
Let k(l) = 17*l**3 - l**2 + 3*l. Let d(r) = -r**3 - 7*r**2 - 8*r - 10. Let q be d(-6). What is the units digit of k(q)?
8
Let r be (7 + 7)/(2/4). Let q = r + -14. What is the tens digit of q?
1
Let y(j) = 37*j**2 + 24*j + 102. What is the hundreds digit of y(-12)?
1
Let h be -3 - (-14 - 3/(-1)). Suppose n + 7 = h. Let z(k) = 34*k**2 + 2*k - 1. What is the units digit of z(n)?
5
Suppose -37*m = -9734 - 7804. What is the hundreds digit of m?
4
What is the units digit of (24/(-14))/((-152562)/8974 + 17)?
6
Suppose 0 + 4 = b. Suppose 5*j + b = 14. Suppose -3*f + 4*x = -73, -49 = -3*f - j*x + 36. What is the units digit of f?
7
Suppose 3*s = 2*s + 11. Let r = -7 + s. What is the units digit of 1 + (r + -224)/(-4)?
6
What is the hundreds digit of 34/119 + (29560/28 - -1)?
0
Suppose -l = l. Suppose l - 2 = -n. Suppose 0*b + 2*b = -n*p + 30, 5*p = 2*b + 103. What is the units digit of p?
9
Let g(n) = -n**2 - 9*n - 5. Let x be g(-8). Let y = 5 + -1. Suppose y*t - x*k = -4, t - 1 + 3 = k. What is the units digit of t?
2
Let s(u) = -u**3 + 22*u**2 + u + 196. What is the tens digit of s(21)?
5
Suppose -4*d + 799 = -41. Suppose -d - 160 = -10*r. What is the tens digit of r?
3
Let k(b) = -15*b - 114. What is the units digit of k(-12)?
6
Let z(i) = -i**3 - 2*i**2 + 3*i + 513. What is the tens digit of z(0)?
1
Let x = 3235 - 1094. What is the tens digit of x?
4
What is the tens digit of ((-5379)/(-22))/(15/10)?
6
Let h be (-2)/4 - (-49)/14. Suppose -4*y + h*y = -4. Let m = 14 + y. What is the tens digit of m?
1
Suppose 0 = -3*m + 4*y + 148, -5*m - 5*y + 73 = -127. Suppose -48*q = -m*q - 388. What is the units digit of q?
7
Let x be 0 - -3 - 101*4/(-4). Let q = x + -17. What is the units digit of q?
7
Let p(r) = 20*r**2 + 9*r - 48. What is the units digit of p(4)?
8
Let p be 22/(-33)*(-51)/2. Let r = -13 + p. Suppose -3*q + 58 = 5*w - 34, r*q + 5*w - 131 = 0. What is the tens digit of q?
3
Suppose 0 = -o - o - 5*b + 8194, 0 = -4*o + 4*b + 16332. What is the units digit of o?
7
Let n = 3552 - 2111. Suppose -4*a = -n + 549. What is the units digit of a?
3
Let z = 16 - 12. Suppose -5*l = -5*g + 40, -g - 4*g + 38 = -z*l. Suppose 9*s - 15 = g*s. What is the units digit of s?
5
Let h = -490 - -4139. What is the units digit of h?
9
Let d(l) = -1. Let r(o) = o - 3. Let s(p) = -5*d(p) + r(p). Let k be s(2). Let a(u) = u**3 - 2*u**2 - 2*u + 2. What is the tens digit of a(k)?
2
Suppose 54 = z + 5*z. Let y(s) be the second derivative of s**3/6 - 5*s**2/2 - 2*s. What is the units digit of y(z)?
4
Let y = -1393 - -2018. Suppose -5*w = -0*w - y. What is the tens digit of w?
2
Suppose -4*c - 22 = -4*y + 14, -2*c = 5*y - 17. Suppose 4*p = -5*m + 220, 60 = 2*m + 2*p - 6*p. Suppose m = y*u - 20. What is the tens digit of u?
1
Let z = 443 - -1310. What is the thousands digit of z?
1
Let j = 496 + -340. What is the units digit of j?
6
Let v = 22 - 20. Suppose -v*s + 4*s - 84 = 0. What is the units digit of s?
2
Suppose 0 = 4*s - 3*s - 220. Suppose -2*u - 74 = -s. Suppose -w - 4*j - u = -4*w, -2*j + 4 = 0. What is the tens digit of w?
2
Suppose p + 3*p + 34 = -l, 0 = 4*l + 2*p + 80. Let c = 80 + l. Let y = -9 + c. What is the tens digit of y?
5
Let k(z) = 8*z**2 + 9*z - 34. What is the hundreds digit of k(5)?
2
Let z(g) be the third derivative of -g**6/360 + g**5/120 + 5*g**4/24 - g**3 + 7*g**2. Let q(b) be the first derivative of z(b). What is the units digit of q(0)?
5
Suppose 6*u - 300 - 174 = 0. What is the tens digit of u?
7
Let y = -177 - -133. Let p = -8 - y. What is the units digit of p?
6
Suppose 2*w = -0*w + 20. Let n(a) = 2*a - a**3 - 8*a**2 - 4 - w*a - a. What is the units digit of n(-7)?
0
Suppose 3*r + 2*g + 0 = -1, 4*r - 5*g - 37 = 0. Suppose r*v = 2*z + 36, 51 + 7 = -4*z - v. What is the units digit of (-147)/z + (-4)/(-20)?
0
Let y = -587 + 849. Suppose 131 = g + 3*m, -3*m = g - 3*g + y. What is the tens digit of g?
3
Let b(y) = -2*y**2 - 3*y + 11. Let r(a) = a**2 + 6*a + 3. Let h be r(-4). Let o be b(h). Let q = o - -39. What is the tens digit of q?
1
Let t(v) = -54*v + 29. Let g be t(-12). Let r = -371 + g. What is the units digit of r?
6
Suppose 5*t - 7*f = -4*f + 11, 6 = 3*t - 2*f. Let q = t + -10. What is the units digit of q/(-9)*129/2?
3
Let g(m) be the third derivative of m**4/24 - 4*m**3/3 - 4*m**2. What is the units digit of g(10)?
2
Let r(l) = 3*l**3 + 2*l**2 - 2*l + 9. Let n(t) = -7*t**3 - 3*t**2 + 5*t - 17. Let p(o) = -4*n(o) - 9*r(o). What is the tens digit of p(7)?
2
Suppose 2*u + 11 = -13. Let o be 3948/72 + (-2)/u. Suppose g - 6*g + o = 0. What is the units digit of g?
1
Suppose c - 3*d = -2 + 949, 0 = -3*c + d + 2825. What is the units digit of c?
1
What is the thousands digit of (-67770)/(-18) + (3 - -4)?
3
Suppose -6 = -4*b + 2*b. Suppose 3*i + 12 = 0, 0 = -3*c + b*i + 51 + 42. What is the tens digit of c?
2
Let q(m) = -2*m**3 - 2*m**2 + 6*m. Let l be q(-3). Suppose -4*s = -l - 6. Suppose 0 = s*t - t + g - 78, 0 = -t + g + 18. What is the units digit of t?
6
Suppose -5*l = -9*l. Suppose 0 = 3*t - 4*x + 16, -3*t + 5*x + l*x - 17 = 0. Let u(s) = -3*s + 5. What is the tens digit of u(t)?
1
Suppose 0 = -6*o - 49 + 13. What is the units digit of (o + -48 + 1)/(-1 + 0)?
3
Let i(z) = 253*z**2 - 5*z - 3. What is the tens digit of i(-2)?
1
Suppose 5*j = 8*j - 372. Let o(a) = a - 5. Let x be o(7). Suppose 6*w = x*w + j. What is the tens digit of w?
3
What is the hundreds digit of 7738/10 + -1 + 12/10?
7
Let j = 86 - 21. What is the units digit of j?
5
Let s(x) be the first derivative of -x**3/3 + 48*x - 5. Let f be s(0). Suppose -u + 5*l + f = 0, -4*l = -u - l + 46. What is the tens digit of u?
4
Let k(t) = 2*t + 2. Suppose -4*a + 14 = -2*x, -18 = 5*x - 4*a - 7. What is the units digit of k(x)?
4
Suppose -53306 - 23672 = -22*t. What is the units digit of t?
9
Suppose -2*q + 633 = 3*f, 952 = 3*q + 4*f + f. Suppose -4*w + 114 = 5*h - 123, 0 = -5*w - 2*h + q. What is the units digit of w?
3
Let c(j) = 2*j**2 + 7*j + 6. Let d be c(-7). Let y = -5 + d. Suppose 3*p - y = 106. What is the units digit of p?
2
Let i = 6 - 4. Let g(f) be the second derivative of -f**5/20 + 5*f**4/12 - f**3/6 - f**2/2 + 25*f. What is the units digit of g(i)?
9
What is the units digit of (-4)/(-30) + 59891/255?
5
Let r(l) = 4*l**2 - 7 - 5*l - 7 + 3 - 6. What is the hundreds digit of r(-5)?
1
Suppose -9*y + 5*y = -2*o + 7284, 2*y - 14548 = -4*o. What is the units digit of o?
8
Let o(p) = -p**3 - 6*p**2 + p - 22. Let a(r) = -r**3 - 7*r**2 + r - 21. Let u(t) = -4*a(t) + 3*o(t). What is the units digit of u(-10)?
8
Let t = 1357 + -803. What is the units digit of t?
4
Suppose -2 = 7*d - 9. Let u be (29 + -3)/(0 - d). What is the units digit of 91/u*24/(-14)?
6
Let o = -17 + 17. Let l(r) = r - 30. Let a be l(o). What is the tens digit of a/(-1)*3/6?
1
Suppose 4*p + p - 10 = 0. Let t = p + 4. Let g = 37 - t. What is the tens digit of g?
3
Let a be -4*(-3)/12*1 + 2. Let r(l) = 9*l - 4. Let n be r(4). Suppose m - 5*w + 6 = n, -a*w - 16 = -m. What is the units digit of m?
1
Let l = 130 + -116. What is the tens digit of l?
1
Suppose 771 = 4*u - 1081. What is the tens digit of u?
6
Suppose 3*w + 7*s = 2*s + 382, -5*w + 630 = 5*s. Suppose 0 = 7*q - 523 + w. What is the units digit of q?
7
Let l = 798 + -458. What is the hundreds digit of l?
3
Let u(t) = -t**3 + 22*t**2 - 30*t + 14. What is the thousands digit of u(12)?
1
Let m = 191 - 187. Suppose 11 = 4*w - 9. Suppose -3*p - 2*p - w*z = -15, -3*p = m*z - 9. What is the units digit of p?
3
Let s(j) = -j**3 - 4*j**2 - 3*j - 2. Let r be s(-2). What is the tens digit of ((-291)/r)/((-6)/(-8))?
9
Let l be -5*(2 - (-3)/(-1)). Let u(t) = 3*t - 12. Let x be u(l). Suppose -h = 3*q + 5, 0*h - x*h + 1 = 5*q. What is the units digi